{"id":944,"date":"2025-01-03T12:27:31","date_gmt":"2025-01-03T11:27:31","guid":{"rendered":"https:\/\/diestimmschule.de\/?page_id=944"},"modified":"2026-02-16T18:45:54","modified_gmt":"2026-02-16T17:45:54","slug":"frauenchor-fleckeby","status":"publish","type":"page","link":"https:\/\/diestimmschule.de\/index.php\/frauenchor-fleckeby\/","title":{"rendered":"SchleiChorifeen"},"content":{"rendered":"<div class=\"wp-block-image\">\n<figure class=\"aligncenter size-large is-resized\"><img loading=\"lazy\" decoding=\"async\" width=\"1024\" height=\"923\" src=\"https:\/\/diestimmschule.de\/wp-content\/uploads\/2024\/11\/chor-Steg-1024x923.jpg\" alt=\"\" class=\"wp-image-354\" style=\"width:402px;height:auto\" srcset=\"https:\/\/diestimmschule.de\/wp-content\/uploads\/2024\/11\/chor-Steg-1024x923.jpg 1024w, https:\/\/diestimmschule.de\/wp-content\/uploads\/2024\/11\/chor-Steg-300x270.jpg 300w, https:\/\/diestimmschule.de\/wp-content\/uploads\/2024\/11\/chor-Steg-768x692.jpg 768w, https:\/\/diestimmschule.de\/wp-content\/uploads\/2024\/11\/chor-Steg.jpg 1443w\" sizes=\"auto, (max-width: 1024px) 100vw, 1024px\" \/><\/figure>\n<\/div>\n\n\n<p><\/p>\n\n\n\n<p>Seit Januar 2024 darf ich diesen au\u00dfergew\u00f6hnlichen Frauenchor leiten. Ich genie\u00dfe jede Probe.<\/p>\n\n\n\n<p>Alle weiteren Informationen zum Frauenchor gibt es hier, auf der <a href=\"https:\/\/frauenchor-fleckeby.de\/\" data-type=\"link\" data-id=\"https:\/\/frauenchor-fleckeby.de\/\" target=\"_blank\" rel=\"noreferrer noopener\"><strong><em>Website der Schleichorifeen.<\/em><\/strong><\/a><\/p>\n\n\n\n<ul class=\"wp-block-list\">\n<li>Probe: <strong>Mittwochs 19:30 bis 21:00 Uhr<\/strong><\/li>\n\n\n\n<li>Ort: <strong>Louisenlunder Weg 11, 24340 Fleckeby<\/strong><\/li>\n<\/ul>\n\n\n\n<p><\/p>\n","protected":false},"excerpt":{"rendered":"<p>Seit Januar 2024 darf ich diesen au\u00dfergew\u00f6hnlichen Frauenchor leiten. Ich genie\u00dfe jede Probe. Alle weiteren Informationen zum Frauenchor gibt es hier, auf der Website der Schleichorifeen.<\/p>\n","protected":false},"author":1,"featured_media":0,"parent":0,"menu_order":0,"comment_status":"closed","ping_status":"closed","template":"","meta":{"footnotes":""},"class_list":["post-944","page","type-page","status-publish","hentry","latest_post"],"_links":{"self":[{"href":"https:\/\/diestimmschule.de\/index.php\/wp-json\/wp\/v2\/pages\/944","targetHints":{"allow":["GET"]}}],"collection":[{"href":"https:\/\/diestimmschule.de\/index.php\/wp-json\/wp\/v2\/pages"}],"about":[{"href":"https:\/\/diestimmschule.de\/index.php\/wp-json\/wp\/v2\/types\/page"}],"author":[{"embeddable":true,"href":"https:\/\/diestimmschule.de\/index.php\/wp-json\/wp\/v2\/users\/1"}],"replies":[{"embeddable":true,"href":"https:\/\/diestimmschule.de\/index.php\/wp-json\/wp\/v2\/comments?post=944"}],"version-history":[{"count":7,"href":"https:\/\/diestimmschule.de\/index.php\/wp-json\/wp\/v2\/pages\/944\/revisions"}],"predecessor-version":[{"id":2425,"href":"https:\/\/diestimmschule.de\/index.php\/wp-json\/wp\/v2\/pages\/944\/revisions\/2425"}],"wp:attachment":[{"href":"https:\/\/diestimmschule.de\/index.php\/wp-json\/wp\/v2\/media?parent=944"}],"curies":[{"name":"wp","href":"https:\/\/api.w.org\/{rel}","templated":true}]}}