{"id":564,"date":"2024-12-01T13:22:44","date_gmt":"2024-12-01T12:22:44","guid":{"rendered":"https:\/\/diestimmschule.de\/?page_id=564"},"modified":"2026-02-16T18:58:45","modified_gmt":"2026-02-16T17:58:45","slug":"weihnachtschor-2024","status":"publish","type":"page","link":"https:\/\/diestimmschule.de\/index.php\/weihnachtschor-2024\/","title":{"rendered":"Weihnachtschor"},"content":{"rendered":"\n<p><\/p>\n\n\n\n<div class=\"wp-block-media-text is-stacked-on-mobile\"><figure class=\"wp-block-media-text__media\"><img loading=\"lazy\" decoding=\"async\" width=\"1000\" height=\"836\" src=\"https:\/\/diestimmschule.de\/wp-content\/uploads\/2024\/12\/Xmachorsingendweiterweg.jpeg\" alt=\"\" class=\"wp-image-565 size-full\" srcset=\"https:\/\/diestimmschule.de\/wp-content\/uploads\/2024\/12\/Xmachorsingendweiterweg.jpeg 1000w, https:\/\/diestimmschule.de\/wp-content\/uploads\/2024\/12\/Xmachorsingendweiterweg-300x251.jpeg 300w, https:\/\/diestimmschule.de\/wp-content\/uploads\/2024\/12\/Xmachorsingendweiterweg-768x642.jpeg 768w\" sizes=\"auto, (max-width: 1000px) 100vw, 1000px\" \/><\/figure><div class=\"wp-block-media-text__content\">\n<p>Der Weihnachtschor hatte im Winter 2024 sein erstes Deb\u00fct, damals mit 16 Teilnehmern. Im Jahr 2025 waren es schon 21 Teilnehmer und wir haben wieder eine tolle Summe f\u00fcr den Hospizdienst Eckernf\u00f6rde sammeln k\u00f6nnen bei unseren Konzerten auf dem Weihnachtsmarkt.<\/p>\n\n\n\n<p>Somit ist der Weihnachtschor etabliert und wir starten mit dem Weihnachtschor 2026 vermutlich am Freitag, den 9. Oktober. Dies kann sich noch nach vorne verschieben und ist noch nicht ganz klar.<\/p>\n\n\n\n<p>Einstudiert werden bekannte und neue Weihnachtslieder ein- bis dreistimmig. Ich freue mich auf dich.<\/p>\n<\/div><\/div>\n\n\n\n<p><\/p>\n\n\n\n<ul class=\"wp-block-list\">\n<li><em><strong>Probe vermutlich ab Freitag, den 09. Oktober 2026, 18:00 bis 19:30 Uhr<\/strong> <\/em><\/li>\n\n\n\n<li><strong>Anmeldeschluss: Sonntag, 04. Oktober 202<\/strong>6<\/li>\n\n\n\n<li>Ort:<strong> <em>Frau-Clara-Str. 6<\/em><\/strong>, 24340 Eckernf\u00f6rde<\/li>\n\n\n\n<li>Teilnehmerbeitrag: <strong><em>79,- Euro<\/em><\/strong> f\u00fcr die gesamte Zeit inklusive Material<\/li>\n<\/ul>\n\n\n\n<div class=\"wp-block-buttons is-layout-flex wp-block-buttons-is-layout-flex\">\n<div class=\"wp-block-button\"><a class=\"wp-block-button__link wp-element-button\" href=\"https:\/\/app.cituro.com\/booking\/diestimmschule#step=1\" target=\"_blank\" rel=\"noreferrer noopener\">Anmeldung hier im Buchungssystem<\/a><\/div>\n<\/div>\n\n\n\n<p><\/p>\n","protected":false},"excerpt":{"rendered":"<p>Der Weihnachtschor hatte im Winter 2024 sein erstes Deb\u00fct, damals mit 16 Teilnehmern. Im Jahr 2025 waren es schon 21 Teilnehmer und wir haben wieder eine tolle Summe f\u00fcr den Hospizdienst Eckernf\u00f6rde sammeln k\u00f6nnen bei unseren Konzerten auf dem Weihnachtsmarkt. Somit ist der Weihnachtschor etabliert und wir starten mit dem Weihnachtschor 2026 vermutlich am Freitag, &hellip; <\/p>\n","protected":false},"author":1,"featured_media":0,"parent":0,"menu_order":0,"comment_status":"closed","ping_status":"closed","template":"","meta":{"footnotes":""},"class_list":["post-564","page","type-page","status-publish","hentry","latest_post"],"_links":{"self":[{"href":"https:\/\/diestimmschule.de\/index.php\/wp-json\/wp\/v2\/pages\/564","targetHints":{"allow":["GET"]}}],"collection":[{"href":"https:\/\/diestimmschule.de\/index.php\/wp-json\/wp\/v2\/pages"}],"about":[{"href":"https:\/\/diestimmschule.de\/index.php\/wp-json\/wp\/v2\/types\/page"}],"author":[{"embeddable":true,"href":"https:\/\/diestimmschule.de\/index.php\/wp-json\/wp\/v2\/users\/1"}],"replies":[{"embeddable":true,"href":"https:\/\/diestimmschule.de\/index.php\/wp-json\/wp\/v2\/comments?post=564"}],"version-history":[{"count":18,"href":"https:\/\/diestimmschule.de\/index.php\/wp-json\/wp\/v2\/pages\/564\/revisions"}],"predecessor-version":[{"id":2435,"href":"https:\/\/diestimmschule.de\/index.php\/wp-json\/wp\/v2\/pages\/564\/revisions\/2435"}],"wp:attachment":[{"href":"https:\/\/diestimmschule.de\/index.php\/wp-json\/wp\/v2\/media?parent=564"}],"curies":[{"name":"wp","href":"https:\/\/api.w.org\/{rel}","templated":true}]}}